 -y + 11 = 3*p, c*y - 8 = -3*p + 5. Suppose -4*l + 20 = y*t - 6*t, 5*l - t = 45. What are the prime factors of l?
2, 5
Suppose 0 = -7*g + 317 + 803. List the prime factors of g.
2, 5
Suppose f = 5*h - 6095, 123*h + 2*f = 119*h + 4890. List the prime factors of h.
2, 5, 61
Suppose 6*x = 4*x + 1208. Suppose -x = 23*n - 27*n. List the prime factors of n.
151
Suppose -5*k = 2*y - 174, -5*y + 180 = 5*k - 0*k. Suppose 5*o - 6*q + q - 15 = 0, 5*q + 8 = 4*o. Suppose o - k = -a. List the prime factors of a.
3
Let g be 46/12 + (-1)/(-6). What are the prime factors of (-842)/(-10) - g*(-4)/(-80)?
2, 3, 7
Let b be (-1 - -2)*-1 + 4. Let h(o) = -o - 3. Let c be h(-3). Suppose c = b*w - l - 43, -w - 3*l - 45 = -4*w. What are the prime factors of w?
2, 7
Suppose 5*w - 7 = 4*w. Let j(d) = -8*d - 36. Let v(p) = -3*p - 12. Let c(z) = -4*j(z) + 11*v(z). What are the prime factors of c(w)?
5
Suppose 4*z = -k + 1, 5*z = -3*k + 2 + 1. Suppose 2*p + 3 = -p, z = 2*w - p - 359. Suppose -34 = -0*f - f - 2*j, 0 = 5*f + j - w. List the prime factors of f.
2, 3
Suppose -3*c + 7*c + 2*w - 568 = 0, 142 = c + w. What are the prime factors of c?
2, 71
Let g = -45 - -247. Let b = -127 + g. What are the prime factors of b?
3, 5
Suppose 0*q - q - 4*y = -423, 0 = 3*q + 4*y - 1277. Suppose -3*a + 284 = -q. What are the prime factors of a?
3, 79
Let i(m) = 2*m**2 - 2*m + 2. Let r be i(2). Suppose 4*a - r = 2. Suppose 4*n - a*y - 80 = 0, 0 = -5*n - 0*y + 2*y + 100. What are the prime factors of n?
2, 5
Let u(x) = 2*x**2 + 3*x**2 + 20 - 18*x - 3 - 4*x**2. Let n be u(17). List the prime factors of 76/8*(n - -2).
19
Let s be 0/(-3*(-2)/(-6)). Suppose 5*t - 240 = 5*i, -2*t + 4*i = -s*t - 90. List the prime factors of t.
3, 17
Suppose 64*r - 45001 = -4937. List the prime factors of r.
2, 313
Suppose -343 = -3*t - 5*k + 25, -5*k - 262 = -2*t. Let j = t - 74. What are the prime factors of j?
2, 13
Let s = 1558 - 1049. List the prime factors of s.
509
Let b be (-4)/18 + (-2460)/108. Let r = -21 - b. Suppose 1 + r = o. What are the prime factors of o?
3
Suppose 1 = n + 2*x, -n + 7 = -3*x - 4. List the prime factors of ((-78)/n)/(24/(-80)).
2, 13
Suppose 0*z + 4 = 2*z. Suppose 3*y + 3 = 2*v, 3 = 5*y - z. Suppose 0 = j + r - 59, v*r + 87 = j + 8. List the prime factors of j.
2
Suppose -4*r = -41*s + 40*s + 1433, -s - 5*r + 1451 = 0. List the prime factors of s.
11, 131
Let w be 2/(-2 + (-2 - -6)). Let h(s) = s + 2. Let m be h(-2). List the prime factors of 2 + w + (m - -1).
2
Let f be (253/(-11))/(2/(-14)). Let i = -106 + f. What are the prime factors of i?
5, 11
Suppose 0*k + 5*k - 20 = 0. Let l be (3 - k - -11)*2. Suppose -2*v - 28 = -2*a, 2*a - 3*v = -5*v + l. What are the prime factors of a?
2, 3
Let v(h) be the first derivative of h**4/4 + h**3 + h**2/2 + 10. Let q be v(-2). Suppose -5*m + 275 = q*t, 0 = 3*m + t + t - 165. List the prime factors of m.
5, 11
Let t(a) = -324*a - 37. List the prime factors of t(-2).
13, 47
Let l be -1*((-6)/(-12) - 3/6). Suppose q - 117 - 8 = 4*m, -4*m + 12 = l. What are the prime factors of q?
137
Let q = -4 - -9. Suppose -3*i + 4*i + 93 = 2*l, -5*l - q*i = -210. What are the prime factors of l?
3, 5
Let a be (-2)/4*0 - -2. Let w be 0 + 46 - 6/9*-3. Suppose 46 + 9 = 5*k - 5*i, -a*i - w = -4*k. List the prime factors of k.
13
What are the prime factors of ((-2884)/8 + 9)*-2?
19, 37
Let c(l) be the second derivative of 4*l**4/3 + 2*l**3/3 + 3*l**2/2 - 17*l. What are the prime factors of c(2)?
3, 5
Suppose -18 = -6*r + 12. Suppose -2*k - 1 + r = 0. Let z = 14 - k. What are the prime factors of z?
2, 3
Suppose -2*n + 3*y = -47 - 618, 0 = y - 3. List the prime factors of n.
337
Suppose g - 2*o - 5 = 0, 5*o - 21 = -g + 19. List the prime factors of (-7)/((-21)/9) - g*-2.
3, 11
Suppose 180 = -2*b + 578. List the prime factors of b.
199
Let f = 1487 - 800. List the prime factors of f.
3, 229
Suppose 3*o - o - 1335 = -5*b, 2*b - 563 = 5*o. What are the prime factors of b?
269
Let t be (-12 - -14) + (-52)/(-2). Let c = 46 - t. List the prime factors of c.
2, 3
What are the prime factors of 2/(-9)*99153/(-46)?
479
Suppose 0 = 7*d - 5*d - 6. Let t = d - -1. Suppose w + 93 = t*w. List the prime factors of w.
31
Suppose 510 = -3*c - 0*c. List the prime factors of 2*(4 + c/(-4)).
3, 31
Let r be (-36)/9 + 4 + 0 + 124. Suppose 2*f = a - 217, -a - 4*f = -r - 105. List the prime factors of a.
13, 17
Let k(r) = r**2 - 7. Suppose j + j + 10 = 0. Let x be k(j). Let s = -5 + x. What are the prime factors of s?
13
Suppose 4*a + 298 - 1122 = 0. Suppose 2*w + 166 = 5*w - 2*b, -5*b = 4*w - a. What are the prime factors of w?
2, 3
Let n be (0 + 1 - 35)*3/6. Let h = 68 + n. List the prime factors of h.
3, 17
Let s(b) = b**3 + 2*b**2 + 5*b + 7. Let c be s(-5). Let g = -839 - -776. Let h = g - c. List the prime factors of h.
2, 3, 5
Let k = -3365 - -5728. List the prime factors of k.
17, 139
Suppose -25 = 3*r - 2*h + 13, 5*r = -5*h - 80. What are the prime factors of 60/r*(-67 + -2 + 6)?
2, 3, 5
Suppose a - 44 = -3*n, -2*a + 118 - 19 = -5*n. Suppose -a = 5*c - 4*c. What are the prime factors of -2 - (9/3 + c)?
2, 3, 7
Let c(k) = 59*k + 66. What are the prime factors of c(12)?
2, 3, 43
Suppose 3*a + 64 = 7*a. Let h be 3*1/(-3)*-5. Suppose -h*f - 6 = -a. List the prime factors of f.
2
Suppose -3*c + 6 = -o - 2*o, -5*o - c + 20 = 0. Suppose -4*x + o*h + 507 = 0, 250 = 2*x + h + h. List the prime factors of x.
2, 3, 7
List the prime factors of (3 + -2)*(3 + 3880 + 2).
3, 5, 7, 37
Suppose -163640 - 235420 = -108*t. List the prime factors of t.
5, 739
Suppose -2*c - 554 = -2*u, 4*c - 1403 = 4*u - 9*u. What are the prime factors of u?
3, 31
Let k(j) = -7*j**2 + 41*j - 26. Let q(t) = -4*t**2 + 21*t - 13. Let r(y) = 3*k(y) - 5*q(y). What are the prime factors of r(12)?
59
List the prime factors of (3738/5)/(1*19/95).
2, 3, 7, 89
Let w(a) = 3*a**2 + 4*a + 1. Let c be w(-4). Let q = c + -17. List the prime factors of q.
2
Let z = 47 + -40. Let i = 89 + 56. Suppose z*o = 2*o + i. What are the prime factors of o?
29
What are the prime factors of (9 + (-222)/30)*1045?
2, 11, 19
Let m = 45 + -39. What are the prime factors of 2 + 0 + 21*m?
2
What are the prime factors of (3*(-20)/(-9))/((-1)/(-66))?
2, 5, 11
Let c(a) = a**2 + a - 38. Let h be c(6). Suppose r + 2*q = 66, h*q + 23 - 87 = -r. List the prime factors of r.
2, 17
Let r = 10 + -1. Suppose -3*q = 2*t - 111, t - 5*q - r = 27. List the prime factors of t.
3, 17
Let w(l) = -356*l - 59. What are the prime factors of w(-6)?
31, 67
Suppose 3*n = -2*n - 30. Let q be n/15 - (-215)/(-25). List the prime factors of (-144)/q*(-14)/(-4).
2, 7
Suppose 6*l - 81 = -39. Suppose l*p - 37 - 82 = 0. List the prime factors of p.
17
Suppose -7*x + 4*x + 222 = 0. Let v = x - 4. List the prime factors of v.
2, 5, 7
Let z(s) = s - 1. Let g be z(-5). Suppose -13*p + 50 = -11*p. Let o = g + p. List the prime factors of o.
19
Let d be ((-168)/9)/(2/(-3)). Suppose -4*k - 2*h + 104 = -2*k, -5*h - d = -k. List the prime factors of k.
2, 3
Suppose 0 = 7*d - 5*d - 10. Let y be 34/6 - 4/6. Suppose 3*n + d*h - 19 = 2*n, y*n - 2*h - 41 = 0. List the prime factors of n.
3
Suppose 9*u + 1782 = 9045. List the prime factors of u.
3, 269
Let f = 7 + -5. Suppose 6*l - 280 = f*l. List the prime factors of l.
2, 5, 7
What are the prime factors of (-30)/(-4)*1430/195?
5, 11
Let r(m) be the second derivative of m**4/6 + m**3/3 - 19*m**2/2 - 2*m. Let n be r(6). Let j = n - 35. List the prime factors of j.
2, 3, 5
Let v be (4*(-9)/(-12) + -3)/2. Suppose -4*x = -v*x - 680. List the prime factors of x.
2, 5, 17
Let f be (-5)/((4/(-6))/(4/6)). Let j(s) = s**2 + 2*s - 6. List the prime factors of j(f).
29
Suppose -49*a + 53*a = 1032. List the prime factors of a.
2, 3, 43
Let y be (1 - 4/4)/(-1). Suppose -x - x = 2*s - 2, y = 5*x - 10. Let q = 13 - s. List the prime factors of q.
2, 7
Let l be ((-28)/(-8))/7*2. What are the prime factors of (44/66)/(l/102)?
2, 17
Suppose 21*c - 3*c - 17442 = 0. What are the prime factors of c?
3, 17, 19
Let l(n) = 2*n**3 - 7*n**2 + 7*n - 5. Suppose -10 = 5*w, -3*m + 3*w - w = -16. What are the prime factors of l(m)?
3, 13
Suppose 17 = 7*h - 18. Suppose -3*r - h = 37. Let t(j) = -5*j - 5. List the prime factors of t(r).
5, 13
Let b be ((-27)/4)/((-13)/8 - -2